{"id":4,"date":"2014-05-14T09:09:21","date_gmt":"2014-05-14T07:09:21","guid":{"rendered":"http:\/\/www.frauenaerzte-porz.de\/cms\/?page_id=4"},"modified":"2026-04-15T11:59:23","modified_gmt":"2026-04-15T09:59:23","slug":"home","status":"publish","type":"page","link":"https:\/\/www.frauenaerzte-porz.de\/","title":{"rendered":"Home"},"content":{"rendered":"<h2><\/h2>\n<h2>Herzlich willkommen auf unserer Internetseite,<\/h2>\n<p>unsere moderne und innovative Gemeinschaftspraxis f\u00fcr Frauenheilkunde und Geburtshilfe bietet Ihnen eine umfassende, individuelle und kompetente Versorgung auf h\u00f6chstem Niveau.<\/p>\n<p>Uns ist es wichtig, dass Sie sich bei uns wohlf\u00fchlen. Daher legen wir Wert auf eine vertrauensvolle und offene Atmosph\u00e4re in einem angenehmen Ambiente.<\/p>\n<p>Wir arbeiten qualit\u00e4tsgesichert nach neuesten medizinischen Erkenntnissen unter Zuhilfenahme modernster Untersuchungstechniken und gew\u00e4hrleisten eine Behandlung nach dem neuesten Stand der Medizin.<\/p>\n<p>Unser Anliegen ist es, Sie in allen Lebensphasen gyn\u00e4kologisch-geburtshilflich umfassend zu beraten und zu begleiten.<\/p>\n<p><strong>Lernen Sie uns einfach kennen.<\/strong><br \/>\n<strong>Wir freuen uns auf Sie!<\/strong><\/p>\n<p><i>Dr. Marcus Merscheim und Kirstin Venegas<\/i><\/p>\n","protected":false},"excerpt":{"rendered":"<p>Herzlich willkommen auf unserer Internetseite, unsere moderne und innovative Gemeinschaftspraxis f\u00fcr Frauenheilkunde und Geburtshilfe bietet Ihnen eine umfassende, individuelle und kompetente Versorgung auf h\u00f6chstem Niveau. Uns ist es wichtig, dass Sie sich bei uns wohlf\u00fchlen. Daher legen wir Wert auf &hellip; <a href=\"https:\/\/www.frauenaerzte-porz.de\/\">Weiterlesen <span class=\"meta-nav\">&rarr;<\/span><\/a><\/p>\n","protected":false},"author":1,"featured_media":99,"parent":0,"menu_order":1,"comment_status":"closed","ping_status":"closed","template":"sidebar-page.php","meta":[],"_links":{"self":[{"href":"https:\/\/www.frauenaerzte-porz.de\/index.php?rest_route=\/wp\/v2\/pages\/4"}],"collection":[{"href":"https:\/\/www.frauenaerzte-porz.de\/index.php?rest_route=\/wp\/v2\/pages"}],"about":[{"href":"https:\/\/www.frauenaerzte-porz.de\/index.php?rest_route=\/wp\/v2\/types\/page"}],"author":[{"embeddable":true,"href":"https:\/\/www.frauenaerzte-porz.de\/index.php?rest_route=\/wp\/v2\/users\/1"}],"replies":[{"embeddable":true,"href":"https:\/\/www.frauenaerzte-porz.de\/index.php?rest_route=%2Fwp%2Fv2%2Fcomments&post=4"}],"version-history":[{"count":28,"href":"https:\/\/www.frauenaerzte-porz.de\/index.php?rest_route=\/wp\/v2\/pages\/4\/revisions"}],"predecessor-version":[{"id":930,"href":"https:\/\/www.frauenaerzte-porz.de\/index.php?rest_route=\/wp\/v2\/pages\/4\/revisions\/930"}],"wp:featuredmedia":[{"embeddable":true,"href":"https:\/\/www.frauenaerzte-porz.de\/index.php?rest_route=\/wp\/v2\/media\/99"}],"wp:attachment":[{"href":"https:\/\/www.frauenaerzte-porz.de\/index.php?rest_route=%2Fwp%2Fv2%2Fmedia&parent=4"}],"curies":[{"name":"wp","href":"https:\/\/api.w.org\/{rel}","templated":true}]}}